5. What is b(d)?
-7
Let b(m) = -2750 + 1387 - 11*m + 1379. Determine b(1).
5
Let i = 1 - 2. Let k(q) = -11*q - 4. Let h(z) = 35 - 56 - 8*z + 18. Let v(a) = -4*h(a) + 3*k(a). What is v(i)?
1
Let o(u) = 0*u - u**2 + 5 + 4*u + u. Suppose -z = 3*j - 19, 2*z - 9 = -j + 3*z. Suppose 7*g - 21 = j. Calculate o(g).
9
Let r(h) = -10*h**2 - 219*h + 12*h**2 + 206*h - 10. Let u(x) = -3*x**2 + 26*x + 21. Let i(v) = 5*r(v) + 3*u(v). What is i(-10)?
-17
Let s(f) = -4*f - 13. Let a = -168 + 161. Let r be 1 + a/(-6 + 7). Determine s(r).
11
Let s(h) = 5*h - 405. Let f(x) = 2*x - 177. Let j(u) = -9*f(u) + 4*s(u). Give j(13).
-1
Let d(x) be the second derivative of -4*x**2 + 2/3*x**4 - 3/2*x**3 + 149*x - 1/20*x**5 - 2. Determine d(7).
-22
Let u(q) = -6*q + 1. Let v(k) = 1. Let i(y) = -y**2 + 6*y - 4. Let w be i(1). Let p(t) = w*u(t) - 2*v(t). Give p(5).
-31
Let b(v) be the first derivative of 11*v**2 + 14*v - 6125. What is b(2)?
58
Let q(u) = 20072*u**2 + 3*u - 20062*u**2 + 0 - 3*u + 2*u + 2. Determine q(-1).
10
Let y(p) be the second derivative of p**5/20 - p**4/12 - 10*p**3/3 - 6*p**2 - 4679*p. What is y(5)?
-12
Let m(w) be the second derivative of 5*w + 0 + 1/3*w**3 - 1/2*w**2 + 1/4*w**4. Let k = -141 - -139. Determine m(k).
7
Let f(g) = g - 34. Let o(w) = -3*w + 40. Let c(l) = -3*f(l) - 4*o(l). Determine c(5).
-13
Suppose -5*q - 50 = -10*q. Let n(t) = -4*t - 64. Let b be n(q). Let a = -103 - b. Let o(z) = -z**2 - z + 1. What is o(a)?
-1
Let s(u) = -2*u**2 + 5*u - 3. Suppose n - 13 + 17 = 0. Let f be 1/n*(3 - 5)*-2. Let w be 2 - f - (-3 - -3). Calculate s(w).
-6
Suppose -3*w - 2*i = 16 - 75, -2*w - 5*i = -54. Let d(k) = 9 + 15 + 1362*k**2 - 7 - 1361*k**2 - 18*k. Determine d(w).
0
Let v(f) = 158 + 3*f - 51 - 52 - 39. Determine v(9).
43
Let t(f) = -3*f**2 + 15*f + 40. Suppose 43*z = -2*d + 45*z + 4, -3*z + 1 = -2*d. Give t(d).
-2
Let l = -870 - -1745/2. Let h(t) be the first derivative of -4 + 1/3*t**3 + 3*t + l*t**2. Determine h(-5).
3
Let p(l) = -12 + 3 + 4 + 5*l - 14 + l**2. Suppose 52*n = 6*n - 368. What is p(n)?
5
Let f(m) = m**2 + 24*m + 50. Let s be f(-22). Let g(t) = -24*t**2 - 99 + 25*t**2 - 7*t + 107. Determine g(s).
2
Let d(s) = -79734*s + 37 + 79727*s + 22. Calculate d(10).
-11
Let h(n) = -n**3 + 7*n**2 - n - 6. Suppose -98*p + 90 = -104*p. Let f be -1*12/30 + (-111)/p. Give h(f).
-13
Let a = 4703 + -4716. Let z(x) = x**3 + 12*x**2 - 12*x - 9. What is z(a)?
-22
Let r(h) = -h**3 - 9*h**2 - 12*h - 1. Let v = 4617 - 4623. Calculate r(v).
-37
Let n be (106/4)/(45/10 + -5). Let w = -45 - n. Let x(c) = c**3 - 9*c**2 + 6*c + 9. Give x(w).
-7
Let v be ((-15)/(-7) - -4) + (-2)/14. Let p(n) = -1 + 30404*n**2 - n**3 - v*n**3 - 30402*n**2. Give p(-1).
8
Let x(d) = -2*d**2 - 5*d**3 - 4*d**2 + 0*d**3 + 12*d**2 + 1 + 4*d**3 - 5*d. What is x(4)?
13
Let t(m) = -m**2 + 5*m + 7. Let u(c) = c**2 - 8*c - 41. Let g be u(-4). Suppose -3*y + g*y - 9 = o, 5*y = 3*o - 1. Calculate t(o).
-7
Suppose -4*i + 18 - 58 = 0. Let o be (-12)/15*(i + -5). Let u(t) = o*t + 3*t + 14*t - 30*t + 6. What is u(3)?
3
Let g(w) be the third derivative of -w**5/30 + 25*w**4/8 + 13*w**3/2 + 8540*w**2. Determine g(38).
1
Let l be ((-6)/(-10))/(9*2/90). Let u(t) = -7*t**2 - 58*t**3 - l*t**2 - 12 + 57*t**3 + 3*t + t**2 + 5*t. Determine u(-10).
8
Let h(i) = -2183*i**2 - 30*i - 38*i + 4*i + 2181*i**2 - 65. Determine h(-31).
-3
Let u(n) be the first derivative of n**4/4 - 7*n**3/3 - 35*n**2/2 + 210*n - 2100. Calculate u(8).
-6
Let g = 158 + -163. Let q(s) be the third derivative of 1/2*s**3 - 5/24*s**4 + 0*s + 1/120*s**6 + 7*s**2 + 1/15*s**5 + 0. What is q(g)?
3
Let d = 26 - 21. Suppose -2*q + d = -n + 17, n + 3*q = 7. Let c(a) = 12 + 4*a**2 + 2*a**3 + 4*a - n - a. Determine c(-2).
-4
Let u(j) be the second derivative of 34*j + 3/2*j**3 + 0 + 1/2*j**2. Calculate u(-2).
-17
Let y(n) be the third derivative of -10*n - 1/3*n**3 + 0 + 1/2*n**4 - n**2. Give y(3).
34
Let u(z) = z**3 - 2*z**2 - 2. Suppose -3*v + t = 3, -2*v - 4*t - 3 = 13. Let l be 1*(v + 4)*(-5)/(-5). Give u(l).
-2
Let u(m) = 2*m**2 - 12*m + 13. Let r be (-5)/(-2)*(-392)/490*-5 + -5. Give u(r).
3
Suppose n - 1 = r + 2*r, 0 = -3*r. Let p be n/(-4) - (-259)/28. Suppose 16*i = p*i - 35. Let v(l) = l**2 + l + 3. Determine v(i).
23
Suppose -122*g + 7386 = 6288. Let r(n) be the third derivative of n**5/60 - n**4/4 + 2*n**3 + 2*n**2. Calculate r(g).
39
Let q(i) = i**3 - 5*i**2 - 4*i - 12. Let g(o) = -17*o + 329. Let v be g(19). Give q(v).
0
Let j(w) be the third derivative of -w**6/120 - w**5/5 - 5*w**4/12 + w**3/3 + w**2 - 769. Calculate j(-11).
-9
Let t = 165 + -189. Let h = 25 + t. Let z(u) = 2*u. What is z(h)?
2
Let f(s) = 74*s - 32*s - 38*s - 164 - 25*s - 193. Give f(-17).
0
Let b(y) = -5*y**3 - 29*y**2 + 4*y - 9. Let h be b(-6). Let r(c) = c - 6 - 4 + h. Determine r(7).
0
Let z(g) be the first derivative of 9*g**2/2 + 177*g + 996. Determine z(-20).
-3
Let h(y) = -34*y + 277. Let i be h(8). Let q(z) = z**2 - 2*z - 16. Give q(i).
-1
Let z(f) = -103 - 71 + 271 - 111 - 10*f. Determine z(6).
-74
Let i be (-84)/(-12) - 10/(-3)*(-69)/46. Let x(z) = 6*z**3 - 3*z**2 + 6*z - 4. Calculate x(i).
44
Suppose -1144 - 1064 = -6*o. Let y(u) = 8 - 733*u + o*u + 372*u. What is y(-7)?
-41
Let p(v) = -12*v**3 - 87*v**2 + 51*v + 99. Let n(b) = -7*b**3 - 51*b**2 + 24*b + 49. Let o(h) = -5*n(h) + 3*p(h). Give o(-9).
-2
Let y(n) = 7 - 5 - n**3 + 5 + 1 - 5*n**2 + 7*n. Let g(s) = s**3 - 7*s**2 - 67. Let m be g(8). Let v be (m/(-2))/(19/(-76)). What is y(v)?
2
Let w(a) be the third derivative of 5*a - 1/60*a**5 - 1/120*a**6 + 0 + 0*a**3 - 5*a**2 + 0*a**4. Determine w(-2).
4
Let z(v) = -v**3 - 6*v**2 + 2*v + 5. Let u(i) = -84*i**2 - 94*i**2 - 5 - 3*i + 174*i**2. Let k be u(-1). Determine z(k).
-7
Let g(r) = 6*r + 4. Let s(p) = 3*p**2 + 16*p - 37. Let d be s(-7). Let h be 6*(34/102)/(d/3). Calculate g(h).
-14
Let k be (32/(-48))/((-2)/(-213)). Let t = k - -76. Suppose 79 = -14*y - t. Let p(w) = w**2 + 4*w. What is p(y)?
12
Let b(l) = -l**3 + 10*l**2 - 7*l + 9. Let x(m) = -106*m - 39. Let q be x(-6). Let j = -588 + q. What is b(j)?
27
Let n(x) = 58*x - 3361. Let c be n(58). Let i(t) be the first derivative of -1/3*t**c - 1 - 5/2*t**2 + 3*t. Calculate i(-6).
-3
Let a(v) = 2*v**2 + 2*v + 4. Let u(t) = -t**2 - 2*t - 6. Let n(i) = 2*a(i) + 2*u(i). Let g be 445/65 + -2 - (-2)/13. Determine n(g).
46
Let w(g) = -2*g**2 + 10*g + 7. Let m(f) = 377*f + 1135. Let a be m(-3). Determine w(a).
15
Suppose -4*b + 2*t + 2344 = 4*t, 0 = -3*b - 3*t + 1752. Let r(x) = -11*x - 598 + b - 10*x**2 + x**3 + 0*x**3. What is r(11)?
-10
Let w(i) be the first derivative of i**4/4 + i**2/2 - 4*i + 5464. Calculate w(3).
26
Suppose 13*i - 56 = -v + 9*i, 5*v = 3*i + 257. Suppose -v = -2*u - 38. Let o(t) = -2*t + 12. Determine o(u).
-2
Let j = -8187 + 8169. Let r(g) = -g**2 - 2*g + 286. Determine r(j).
-2
Let u be (-51)/(-8) + 40/((-1280)/12). Let x(y) = 4*y - 6. Let f(v) = 1. Let w(i) = f(i) + x(i). Determine w(u).
19
Let b(f) = f**3 + 5*f**2 + 5*f + 3. Suppose g + 5*q - 29 = 0, -16 = 4*g + 2*q - 6. Give b(g).
-63
Let l = 486 - 484. Let k(u) = l*u - 14*u + 6*u**2 + 9*u + 4*u + 4*u**2. Calculate k(-1).
9
Suppose -3*w + 27 = r, 6*w - 41 = -3*r + 5*w. Let u(t) = -t**3 + 10*t**2 + 25*t - 21. Give u(r).
-9
Let d(i) = -i - 2. Suppose 0 = -58*o + 60*o. Suppose 4*k = -k - 4*q - 37, 2*k - 3*q + 1 = o. What is d(k)?
3
Let k = 29 + -10. Let h be 5 + -9 - 7*-1. Let o(v) = k*v**3 + 3*v**2 + 3*v**2 - 18*v**h + 2 - 6*v. Determine o(-7).
-5
Suppose 0 = 3*q + 15, -4*s + 92 + 946 = 2*q. Let w(j) = 8 + 88*j + 84*j - s*j + 89*j. Give w(8).
0
Suppose -53*g + 160 = 63 - 168. Let a(x) be the first derivative of 4*x**2 + g*x + 1/3*x**3 + 16. Determine a(-8).
5
Let u(s) = -2*s**2 - 11*s + 1. Suppose -d = 4*n - 0 - 3, 2*n + 3*d = -11. Suppose y = -9*i + 4*i - 26, -5*i - 32 = n*y. What is u(y)?
-5
Let t(r) = r**2 + 31*r - 948. Let l be t(19). Let f(s) = -14*s + 3. Give f(l).
-25
Suppose 13 + 23 = 44*l - 26*l. Let m(g) = -37*g + 80. Determine m(l).
6
Let m = 6 + 19. Let o(d) = -2*d**3 + 51*d**2 - 23*d - 5. Let a be o(m). Let s(h) = 2 + h**3 + 20*h**2 - a*h**2 + 24*h**2 - 5*h. Calculate s(3).
5
Let u(p) = 48*p - 154*p - 13 + 53*p + 51*p. Give u(-6).
-1
Let w(x) = -22*x**3 + 2*x**2 + 3*x + 1. Suppose -7*b = -68*b - 61. What is w(b)